 is -2 - -331?
323
In base 11, what is 1 + -1050?
-104a
In base 8, what is -1127 - -36?
-1071
In base 4, what is -230 + -2?
-232
In base 2, what is 101 + -10001?
-1100
In base 3, what is 22120 + 2?
22122
In base 13, what is 2070 + 3?
2073
In base 8, what is -11 + -11?
-22
In base 8, what is -7 - 121?
-130
In base 5, what is -2 + 31?
24
In base 8, what is 0 + 24?
24
In base 3, what is 11 + 1000102?
1000120
In base 15, what is 3 - -13b?
13e
In base 8, what is -5 + 247?
242
In base 5, what is -1304 + 104?
-1200
In base 8, what is 4 - 122?
-116
In base 11, what is 240 + 5?
245
In base 3, what is -21221112 + -1?
-21221120
In base 15, what is 3 - -d2e?
d32
In base 16, what is -205 + 3?
-202
In base 3, what is 200 + -22?
101
In base 9, what is -16 + 187?
171
In base 4, what is -1303 + 3?
-1300
In base 8, what is -347 - 4?
-353
In base 11, what is -7 + -1475?
-1481
In base 13, what is 4 - -353?
357
In base 3, what is 0 - 1200?
-1200
In base 2, what is 1001 - 101001?
-100000
In base 2, what is -11101010 - 10?
-11101100
In base 8, what is -5 - 1074?
-1101
In base 8, what is -203 + 3?
-200
In base 10, what is -606 - -4?
-602
In base 14, what is -c - c3?
-d1
In base 10, what is -45 - 11?
-56
In base 9, what is -18 + -44?
-63
In base 16, what is 1 - 32e?
-32d
In base 6, what is 45 - -11?
100
In base 14, what is -4a + 5?
-45
In base 3, what is -211210 + 12?
-211121
In base 5, what is -3 - -111003?
111000
In base 13, what is 365 + 5?
36a
In base 15, what is d53 - -2?
d55
In base 3, what is 10102 - 10220?
-111
In base 5, what is -100 + -41?
-141
In base 6, what is -342 - 34?
-420
In base 16, what is 11 + 401?
412
In base 14, what is 4 - -5?
9
In base 12, what is -2173b + 0?
-2173b
In base 2, what is -101 + 1110100?
1101111
In base 13, what is 1699 - -5?
16a1
In base 8, what is 0 + -72?
-72
In base 7, what is -10145 - -3?
-10142
In base 15, what is -b + -38?
-44
In base 10, what is -2 - 23?
-25
In base 7, what is -113033 - -5?
-113025
In base 10, what is 4 + -3946?
-3942
In base 3, what is -22001 + 12?
-21212
In base 11, what is 19 - -50?
69
In base 14, what is -1d + b8?
99
In base 12, what is 5 - 382?
-379
In base 5, what is -11 + 202?
141
In base 9, what is -1730 + 1?
-1728
In base 10, what is 0 + 70?
70
In base 3, what is -12 - 21?
-110
In base 8, what is 16557 - 1?
16556
In base 11, what is -2 - 83?
-85
In base 13, what is 5 - 264?
-25c
In base 16, what is -1 - 2f0?
-2f1
In base 6, what is -3 + -344?
-351
In base 13, what is -347 - 2?
-349
In base 10, what is 14 + -153?
-139
In base 9, what is 510 - 4?
505
In base 15, what is -142 - -4?
-13d
In base 3, what is 12021202 + -1?
12021201
In base 16, what is 1b4 - -5c?
210
In base 8, what is -4 + 3540?
3534
In base 15, what is -5 + 5c?
57
In base 16, what is 68 + 8?
70
In base 7, what is 3 + 2635?
2641
In base 3, what is -110 - 20000?
-20110
In base 3, what is -221 + -11?
-1002
In base 3, what is -110 - -102220?
102110
In base 6, what is 214 - -5?
223
In base 3, what is 1100 + -21112?
-20012
In base 10, what is 4 - 28?
-24
In base 4, what is 113 - -22?
201
In base 10, what is -1 - 9?
-10
In base 16, what is -73 + -5?
-78
In base 8, what is 1 + 114?
115
In base 6, what is 1 - 1003?
-1002
In base 11, what is 106 - 14?
a2
In base 8, what is 0 - -10277?
10277
In base 10, what is -71 + -49?
-120
In base 13, what is a14 - -4?
a18
In base 4, what is 1 - 333?
-332
In base 2, what is -1000110110 - -11?
-1000110011
In base 15, what is 1a2 + -1?
1a1
In base 7, what is 14 - -2620?
2634
In base 3, what is 222 - 10?
212
In base 4, what is -23022 - 2?
-23030
In base 16, what is 2 + 4?
6
In base 11, what is 0 + -125?
-125
In base 12, what is a8 + 3?
ab
In base 13, what is 0 - -49c?
49c
In base 12, what is 42 + 2?
44
In base 16, what is 22 - f?
13
In base 2, what is 101 - -111000010010?
111000010111
In base 16, what is 0 - 194?
-194
In base 16, what is -80 - 6?
-86
In base 6, what is -222 - -5?
-213
In base 5, what is -122 + -22?
-144
In base 5, what is -11411 + -3?
-11414
In base 6, what is 3 + -122?
-115
In base 6, what is 243035 + -4?
243031
In base 14, what is 665b - 2?
6659
In base 4, what is -12 + -31020?
-31032
In base 12, what is -3 - -1a84?
1a81
In base 16, what is 3a + -3?
37
In base 12, what is 346 + 1?
347
In base 13, what is -3 - 300?
-303
In base 9, what is 5 + 83?
88
In base 11, what is -a4 + 1?
-a3
In base 11, what is 0 - 510?
-510
In base 4, what is 2 + 1020?
1022
In base 2, what is 11111 + 1000011?
1100010
In base 8, what is 5 - -421?
426
In base 2, what is 110101000111 + 0?
110101000111
In base 6, what is -5 - 441?
-450
In base 5, what is -2220 - 1?
-2221
In base 6, what is -24022 - -4?
-24014
In base 7, what is 26164 - -1?
26165
In base 12, what is -1b6 - 0?
-1b6
In base 9, what is 56 + 0?
56
In base 13, what is -10 + -136?
-146
In base 12, what is -480 + 3?
-479
In base 10, what is -104 + -9?
-113
In base 13, what is -5 - 369?
-371
In base 7, what is -2225 + -3?
-2231
In base 10, what is -2 + -1349?
-1351
In base 16, what is -d0 + -4?
-d4
In base 6, what is 2 - -143?
145
In base 12, what is 0 - b0?
-b0
In base 2, what is 10011011 + 100?
10011111
In base 8, what is -30246 - -4?
-30242
In base 13, what is 15 + -2a8?
-293
In base 15, what is 18 - 0?
18
In base 11, what is -37 + 0?
-37
In base 11, what is -a1 + 4?
-98
In base 15, what is 27 + -1?
26
In base 7, what is -2 - -2?
0
In base 15, what is 23b - -4?
240
In base 6, what is 15 - -434?
453
In base 8, what is -5 - 137?
-144
In base 15, what is 5 - 10?
-a
In base 16, what is -1 - -c4?
c3
In base 13, what is 427 + 0?
427
In base 5, what is 1302434 + 4?
1302443
In base 4, what is -10 - 3203?
-3213
In base 13, what is -24689 - 4?
-24690
In base 4, what is -120120 - 3?
-120123
In base 3, what is -102 - 2220?
-10022
In base 10, what is -11 + 144?
133
In base 16, what is -1 + 905?
904
In base 14, what is 5 + 24?
29
In base 13, what is 7c3 - -5?
7c8
In base 9, what is 1 - 11616?
-11615
In base 9, what is -141 - 35?
-176
In base 9, what is 4 - 44?
-40
In base 11, what is 2666 + -1?
2665
In base 4, what is -11013 + 23?
-10330
In base 9, what is -1 - -146?
145
In base 3, what is 20 - -12201?
12221
In base 2, what is -1 - -11?
10
In base 8, what is 404 + 1?
405
In base 5, what is -10 + 34311?
34301
In base 2, what is -100001111 - -11?
-100001100
In base 9, what is -40 + 4?
-35
In base 10, what is 219 + 0?
219
In base 15, what is -112 - -4?
-10d
In base 12, what is 1 - -19a?
19b
In base 4, what is 1 - -10013?
10020
In base 14, what is -91d5 - 1?
-91d6
In base 7, what is -34 - 32?
-66
In base 5, what is 441 - -2?
443
In base 13, what is 3 - -287?
28a
In base 7, what is -1523 - -5?
-1515
In base 2, what is 1100001 - -10?
1100011
In base 11, what is 3a4 + -2?
3a2
In base 13, what is 27b + -10?
26b
In base 10, what is 13 + -12?
1
In base 4, what is 10313 + -111?
10202
In base 16, what is cb4 + 2?
cb6
In base 10, what is -1210 + 16?
-1194
In base 15, what is 16e - 4?
16a
In base 6, what is 10012 - 4?
10004
In base 7, what is -34 - 536?
-603
In base 7, what is -150 + -3?
-153
In base 9, what is 481 - -5?
486
In base 2, what is 100 - 1100110000?
-1100101100
In base 9, what is 115 + -114?
1
In base 9, what is 41 - -31?
72
In base 6, what is 3134 + -4?
3130
In base 7, what is 12 + -116?
-104
In base 2, what is -10001001010 + 100?
-10001000110
In base 6, what is 152 - 33?
115
In base 6, what is 3 + 1145?
1152
In base 11, what is 234 - 8?
227
In base 2, what is -11110101 - 10?
-11110111
In base 2, what is -1001110 - 100110?
-1110100
In base 12, what is -a + 1?
-9
In base 13, what is -2 - ba?
-bc
In base 12, what is -1319 + -3?
-1320
In base 16, what is -19 + -11?
-2a
In base 2, what is -100 + -1111000?
-1111100
In base 11, what is -1 - 323?
-324
In base 12, what is 9 + 65b?
668
In base 5, what is -110 + -302?
-412
In base 11, what is -207 - 24?
-230
In base 12, what is -3a9a + -1?
-3a9b
In base 13, what is -5 - 69?
-71
In base 15, what is 50a0 - 3?
509c
In base 4, what is -2111331 + -11?
-2112002
In base 8, what is 34 - 6?
26
In base 13, what is 16c - 10?
15c
In base 12, what is 3 - -a41?
a44
In base 4, what is -133322 + -11?
-133333
In base 9, what is -2 - -42?
40
In base 8, what is -2 - 123?
-125
In base 16, what is -11f + 2b?
-f4
In base 11, what is -61 + -1?
-62
In base 